e 18 - 6 = q*h. List the prime factors of k(h).
2, 13
Suppose 3*p - 1230 = -w, -3*p - w = 3*w - 1230. What are the prime factors of p?
2, 5, 41
Let f(k) = 39*k**3 - k**2 - 9*k + 15. What are the prime factors of f(2)?
5, 61
Suppose 8 = -4*y - 4. List the prime factors of 47*(-2 - -2 - (0 + y)).
3, 47
Let t = 125 + -67. Suppose 0 = 2*k, 2*m - t = -3*k + 6*k. Suppose l + m = 4*n - 37, -3*n = -3*l - 45. What are the prime factors of n?
17
Let c(v) = -18*v - 327. Let s be c(-16). Let l(t) = -2*t**2 + 6*t - 7. Let p be l(5). Let q = p - s. List the prime factors of q.
2, 3
Let n = -27 - -10. Let h = n + 85. List the prime factors of h.
2, 17
Suppose 0 = -5*m - 2*g - 0*g + 47, m + 2*g - 11 = 0. Suppose -2*z - z = -m. Suppose -5*i + 37 = -y, 9 + 8 = i + z*y. List the prime factors of i.
2
Suppose -2*t + n - 31 = 6*n, -4*t = 5*n + 37. Let d be t/(-5)*170/17. Suppose 0 = c - 2*b - 49, 9*b - 147 = -3*c + d*b. What are the prime factors of c?
7
Let x = -12 + 12. Suppose 5*v + 4*z = -x*v + 755, -v = 2*z - 145. List the prime factors of v.
5, 31
Let h = 20 - 17. Suppose -6*u + 36 = -h*u. List the prime factors of ((-45)/6)/((-2)/u).
3, 5
Let c(s) be the second derivative of -2*s**3 + 2*s**2 - 20*s. List the prime factors of c(-7).
2, 11
Let k = 2229 - 1303. Suppose 11*w = -46 + k. What are the prime factors of w?
2, 5
Suppose 35*t - 46*t = -4422. List the prime factors of t.
2, 3, 67
Let f = 4064 + 348. What are the prime factors of f?
2, 1103
Let l(q) = q**3 - 6*q**2 - 4*q + 1. Let h be l(7). Let x = 164 - h. List the prime factors of x.
2, 71
Suppose 0 = -7*i + 3037 - 48. List the prime factors of i.
7, 61
Let g be 0 + (-1 - -1) - -3. Suppose 5*x = 10, g*j - 2*x + 15 + 7 = 0. Let c = 26 + j. What are the prime factors of c?
2, 5
Let m(i) = 14*i**2 - 8*i - 15. Let b(g) = 7*g**2 - 4*g - 7. Let t = 26 - 21. Let f(a) = t*b(a) - 2*m(a). What are the prime factors of f(-2)?
31
Suppose -i - 686 - 2793 = 0. Let k be i/(-77) - (-2)/(-11). Let r = k + -6. What are the prime factors of r?
3, 13
Let y be 1*(-2 + 3 + 48). Let j = 33 + 63. Let h = j - y. List the prime factors of h.
47
Let c(a) = -89*a + 3. Let q be c(-1). Let x = q + -30. What are the prime factors of x?
2, 31
Let b(o) = o**2 - 8*o - 6. Let m be b(7). Let x(t) = -t + 21. Let j be x(m). Let s = j - 6. List the prime factors of s.
2, 7
Suppose 0 = -2*s - 2*s - 2*c + 86, s - 23 = c. Suppose 0 = w + s - 2. Let u = 39 + w. List the prime factors of u.
19
Let v(k) = 62*k - 54. Let h be v(27). Suppose h = 11*o + o. What are the prime factors of o?
3, 5
Let i(p) = 3*p - 7. Let l be i(5). List the prime factors of ((-20)/l + (-12)/(-4))*88.
2, 11
Let w(z) = z**3 - z**2 - 1. Let c be w(2). Let h(r) = -6*r + 2*r + c*r + 0*r - 4. List the prime factors of h(-10).
2, 3
Suppose -5*w - 9 = 106. Let n(p) = 99*p + 38. Let s be n(-1). Let i = w - s. List the prime factors of i.
2, 19
Suppose -u + 3232 = 7*u. Suppose -37*z = -33*z - u. What are the prime factors of z?
101
Let v = 9 + -7. Let l(p) = 5*p + 2 - v*p**2 + 0*p - 7*p**2 + 4*p - p**3. List the prime factors of l(-10).
2, 3
Suppose 3*b - 5*z = -2*z - 24, 2*b + 2*z = -20. Let d be 30/b*(-3)/2. Suppose -4*v + d*k + 11 = 2*k, 0 = v + 3*k + 1. What are the prime factors of v?
2
Let j(a) = -1 + 21*a + 10*a - 4*a. What are the prime factors of j(1)?
2, 13
Let v(t) = -t**3 - t**2 + 5*t - 1. Let w be v(-4). Let m = -24 + w. What are the prime factors of m?
3
Let z(t) = -5*t + 35. Let v be z(6). Let k(m) = -7*m + 45. List the prime factors of k(v).
2, 5
Let w = 344 - -538. List the prime factors of w.
2, 3, 7
List the prime factors of (-6)/9*3 - -722.
2, 3, 5
Suppose 0 = -0*t - t + 24. Let o = t - 24. Suppose o = -5*u - 41 + 166. What are the prime factors of u?
5
Let q = 26 - -212. What are the prime factors of q?
2, 7, 17
Let d be 5/(-2)*(-16)/10. Suppose -5*w - 4*c + 16 = 0, d*w + 5*c = c + 12. Suppose -w*v = 5*l - 48, -3*v + 40 = 4*l + v. List the prime factors of l.
2
Let m(s) = 150*s + 3551. List the prime factors of m(0).
53, 67
Let u be (-1 + -4)*(13 - 12). Let n(c) = 2*c**2 + 6*c + 9. List the prime factors of n(u).
29
Let k(z) = 27*z - 28*z + 11 + 2. Let d be k(13). Suppose 0 = -4*j - 2*y + 30, 35 = -d*j + 5*j + 3*y. What are the prime factors of j?
2, 5
Suppose -5*y + 11419 = 21*m - 25*m, 0 = -4*y + m + 9144. List the prime factors of y.
2287
Let s(y) = y - 1. Let t(v) = -8*v**2 + v - 11. Let q(k) = 6*s(k) - t(k). What are the prime factors of q(-5)?
2, 3, 5
Suppose 4*w + 32 = 8*t - 4*t, -w = t. Suppose 2*b - 9 - 1 = 0. Let u = b - w. List the prime factors of u.
3
Let j = -119 - -123. What are the prime factors of (8/j + -7)*-38?
2, 5, 19
Suppose 0 = 4*o - o - 225. Let q = o + -50. What are the prime factors of q?
5
Let g(r) = r**2 + 10*r + 6. Let j be g(8). Let h = j - -36. What are the prime factors of h?
2, 3, 31
What are the prime factors of 4/(24/1006) - (-1)/3?
2, 3, 7
Suppose -6*s + s + 10 = 0. Suppose j = 3*z + 2*z - 89, 0 = 3*z + s*j - 56. Suppose -3*f + 12 = -z. List the prime factors of f.
2, 5
What are the prime factors of ((-710)/(-3))/(41/123)?
2, 5, 71
Suppose -4*x = 12, 4*t - 3*x - 113 = 560. What are the prime factors of t?
2, 83
Suppose 4*u + 12424 = 5*a, 5*a - 28*u - 12417 = -31*u. List the prime factors of a.
2, 3, 23
Let v = -40 + 44. Suppose -130 = -v*z + 126. List the prime factors of z.
2
Let m = -757 - -1157. What are the prime factors of m?
2, 5
Let v = -83 + 137. List the prime factors of (-4 + -1 - -4) + v.
53
Let r be -2*(-2 + 292/8). Let j = r + 195. List the prime factors of j.
2, 3, 7
Let b(q) = q**3 + q**2 + q. Let c(n) = 3*n**3 + 3*n**2 + 3*n - 9. Let a(r) = 4*b(r) - c(r). List the prime factors of a(0).
3
Suppose -9*n = -5453 - 235. List the prime factors of n.
2, 79
Suppose 0 = 3*a - 8502 + 906. List the prime factors of a.
2, 3, 211
Suppose 3*u - 182 = u. What are the prime factors of u?
7, 13
Suppose 15 = 3*x, 0*c - 28 = -c - 4*x. Let w(q) = 10*q - 21. What are the prime factors of w(c)?
59
Suppose -13 = -4*b + 11. Suppose b*z - 8*z = -144. What are the prime factors of z?
2, 3
Let c = 158 + 590. List the prime factors of c.
2, 11, 17
Suppose 4*r = -5*t + 43, -r + 12 - 45 = -5*t. Suppose -t*m = -2*m - 65. List the prime factors of m.
13
Suppose 2*v + 4*d - 6738 = 0, 8*d = -2*v + 7*d + 6741. What are the prime factors of v?
3371
Suppose 0 = -z - 5*z + 192. Let f = 63 - z. What are the prime factors of f?
31
Suppose 22340 = 24*k - 4*k. What are the prime factors of k?
1117
Let b(m) = 6*m**3 - 16*m**2 + 22*m - 21. What are the prime factors of b(10)?
3, 7, 73
Suppose 0*i = -2*i + 8. Let g = i - 2. Suppose -5*s + 5 = -g*b - 17, -b - 1 = 0. List the prime factors of s.
2
Let w be (-160)/(-56) + (-2)/(-14). Suppose 0 = -i - 4*t - t + 41, -w*i - 5*t + 73 = 0. What are the prime factors of i?
2
Suppose 29*t - 432 = 119. List the prime factors of t.
19
Let t be (-46)/12 - (-1)/(-6). Let l = t - 2. List the prime factors of (l/9)/((-3)/27).
2, 3
Let x = 4893 + -3037. What are the prime factors of x?
2, 29
List the prime factors of 10 + -1 + (4053 - 37).
5, 7, 23
Suppose -3*m + 11 = 2*s - 3*s, -5*m = -3*s - 25. Suppose -m*c - 234 = -5*c. List the prime factors of c.
2, 3, 13
Suppose 0 = -11*b + 131 + 7030. What are the prime factors of b?
3, 7, 31
Suppose 0 = 202*t - 205*t + 4509. List the prime factors of t.
3, 167
Let t(h) = -h**3 - h - 5. Let w be t(0). Let c be (-66)/(-15) - (-2)/w. Let v = 1 + c. What are the prime factors of v?
5
Let z be (-1 - 2/1) + 113*-1. Let j = z - -168. What are the prime factors of j?
2, 13
Suppose -4*w = n + 27, -2*w - 3*w - 18 = -4*n. Let r = w - 41. Let p = 84 + r. List the prime factors of p.
37
Let o be 4 - ((-3)/5)/(3/(-15)). Suppose r = o + 21. What are the prime factors of r?
2, 11
Let f(r) = r**2 + 5*r - 27. Let x be f(4). Let q(o) = 3*o + 16. Let b(h) = -7*h - 31. Let z(s) = 4*b(s) + 9*q(s). What are the prime factors of z(x)?
11
Let s(v) = -v**2 + 9*v - 9. Let t be s(7). Suppose w - 3*w + 73 = 3*a, t*a = 4*w - 113. Suppose -35 - w = -o. List the prime factors of o.
67
What are the prime factors of (386/2 + 0)*(-200)/(-40)?
5, 193
Suppose 5*b - 16756 = 2*l, -b + 167*l - 170*l = -3341. What are the prime factors of b?
2, 5, 67
Suppose 8480 = -5*p + 1820. What are the prime factors of (4/